 t**2. Give m(-1).
1
Let t(f) = -14*f**3 - 32*f**2 + 3. Let b(y) = 17*y**3 + 31*y**2 - 6. Let l(s) = 4*b(s) + 5*t(s). What is l(-18)?
-9
Let q(x) be the first derivative of -x**3/3 - 11*x**2/2 - 28*x - 1131. What is q(-3)?
-4
Let u(a) = -2 + 324*a - 956*a + 332*a + 319*a. What is u(1)?
17
Suppose -52*i + 8*i = 58 + 118. Let v(b) = 4*b**2 - 2*b - 6. Give v(i).
66
Suppose -37*m + 288 = 11*m. Let j be 0*((-10)/(-4) - 3). Let g(p) = -7*p + 3*p + j*p + p**2 - 5. Calculate g(m).
7
Let k(i) = i**2 + 56*i - 14. Let z be k(-56). Let m(d) = d**2 + 17*d - 47. Give m(z).
-89
Let b(w) = 29*w + 13. Let o(n) = 140 - 281 + 139 - n. Let j(z) = -b(z) - 6*o(z). What is j(1)?
-24
Let n(p) = p**2 - 2*p + 12. Let c be n(-4). Suppose -29*a - 21 = -c*a. Let x(k) be the first derivative of -3*k**2/2 + 4*k - 2. Give x(a).
-5
Let t(u) = -5*u**3 + 17*u**2 - 39*u - 14. Let w(c) = 11*c**3 - 34*c**2 + 84*c + 27. Let j(x) = -9*t(x) - 4*w(x). What is j(16)?
2
Let f = 13 - 12. Let s(p) = -23639*p - 6*p**3 - 2*p**3 + 23638*p - 12*p**3. Give s(f).
-21
Let w(u) = -28*u**2 + 22*u + 1. Let f(x) = 59*x**2 - 48*x - 2. Let a(n) = -6*f(n) - 13*w(n). What is a(-2)?
35
Let z(b) = -8*b + 7. Let t(y) = 7*y - 7. Let h(x) = 6*t(x) + 5*z(x). Let c be -10 - -15 - 3 - 2. What is h(c)?
-7
Let v(u) be the second derivative of -1/12*u**4 + 0 + 1/20*u**5 + 0*u**3 + 4*u**2 + 75*u. Give v(0).
8
Let r(y) = 10*y**3 + 3*y**2 - 16*y + 21. Let o(n) = -11*n**3 - 3*n**2 + 18*n - 23. Let j(x) = -11*o(x) - 12*r(x). Calculate j(4).
-7
Let l(y) be the third derivative of 0 - 5/2*y**3 + 3/8*y**4 - 4*y + 1/5*y**5 - 6*y**2 + 1/120*y**6. Give l(-11).
7
Let i be 2/(-4)*(-56)/(-14) + 6. Suppose -i*w + 13*w - 18 = 0. Let f(y) = -2*y - 6*y + 37*y**2 - 16*y**w - 22*y**2 + 8. Give f(-8).
8
Let q(t) = -t**2 - t**3 + 0*t**2 - 3*t**2 - 12 + 16. Let c(a) = -a**3 - 18*a**2 + 48*a + 156. Let f be c(-20). Calculate q(f).
4
Let c(g) = -g**3 + 2*g**2 + g + 1. Suppose p - 3*p + 2 = 2*f, -3*p - 3 = 0. Let z(i) = 15*i - 3*i**2 - 4 + 4*i**f - 1 - 8. Let d be z(-16). Calculate c(d).
-5
Let x = 21 + -16. Let o(p) = 199 - 47 - 48 - 2*p**2 - 54 - 46 + 5*p. Give o(x).
-21
Let z(f) be the first derivative of 4*f**3/3 + f - 24. Let u be z(1). Suppose -u*k = -2*k + w + 5, 0 = -k + 2*w + 3. Let x(a) = -6*a**2 - 1. Give x(k).
-7
Let y(c) = -c**3 + 19*c**2 + 44*c - 44. Let r(o) = 3*o**2 + 30*o + 69. Let w be r(-8). Determine y(w).
-2
Let t(n) = 5*n**2 - 7*n + 24. Suppose 252*o = 33 + 975. Determine t(o).
76
Let u(m) be the first derivative of -m**2/2 - 4*m + 1394. Suppose 1 = -c - 3. What is u(c)?
0
Let x = -78 + 76. Let w be -3*(4 - x)/(-6). Let c(l) = -2 + 5 - 1 + l. Determine c(w).
5
Let b = 8 + -6. Suppose -5*p + 0*c + 525 = 5*c, p = b*c + 93. Let y(d) = -209*d + p*d + 109*d + 8. Calculate y(-4).
4
Let d(k) = k**2 - 7*k - 11. Let i(t) = 168*t + 1014. Let b be i(-6). Calculate d(b).
-17
Let t(k) be the third derivative of k**5/60 - 19*k**4/24 + 31*k**3/3 - 9512*k**2. Determine t(13).
-16
Let c = 3 + 2. Suppose c - 21 = -4*h. Let n(l) be the first derivative of -l**2/2 - l - 96047. Calculate n(h).
-5
Let d(q) be the first derivative of -5*q**3/3 + 27*q**2 + 54*q - 823. What is d(12)?
-18
Let n(r) = 13*r**2 + 16*r - 32. Let x(a) = -58*a**2 - 66*a + 129. Let h(u) = -9*n(u) - 2*x(u). Determine h(-15).
-15
Let y(b) = b**2 + 360*b + 6484. Let h be y(-19). Let f(j) = 6*j + 0 - 1 - 5*j. Determine f(h).
4
Let v(b) = 1127*b - 6. Let a be v(6). Let h(o) = -o**2 - o + 6756 - a. What is h(-1)?
0
Let z(m) = -7*m**3 - 13*m**2 - 6*m - 1. Let v(w) = 6*w**3 + 12*w**2 + 6*w + 2. Suppose -30 - 252 = 47*b. Let s(i) = b*v(i) - 5*z(i). Give s(-7).
35
Let r(w) = -2*w - 6. Suppose -5*j = 5*t - 15, -3*t = -5*j - t - 20. Let x be (j/(-8))/(6/24). Let h be (x - 0/2) + 4. Determine r(h).
-16
Let r(l) be the third derivative of -47*l**4/24 + l**3/6 - 134*l**2 + 10. Give r(-1).
48
Let s = 168 - 149. Suppose -2*h - 2 = 0, -h = s*a - 15*a + 1. Let t(p) = p**3 - p**2 + p - 17. What is t(a)?
-17
Suppose -p = 10*h - 7*h - 40, 5*p = -5*h + 80. Let u(o) = -h - 679*o**2 + 686*o**2 - o**3 + 7*o + 3*o. Give u(8).
4
Let m(y) = -y + 23. Suppose -110*a - 36 = -114*a. Calculate m(a).
14
Let o(h) = -6*h**3 - 2 - 2*h**2 - 14 + 21*h**3 - 14*h**3 - 12. Give o(4).
4
Let r(c) = 58*c - 26*c - 35*c - 8. Let p(w) = 3*w**3 + 59*w**2 + 40*w + 30. Let z be p(-19). What is r(z)?
16
Let t be (-3 - -6*(-3)/9) + 192/(-32). Let w(z) = 34*z + 375. Calculate w(t).
1
Let v = -12 + 3. Let d(c) = -7*c**3 + 2*c**2 - 14*c + 1. Let f(q) = 8*q**3 - 4*q**2 + 15*q + 1. Let z(u) = 7*d(u) + 6*f(u). Calculate z(v).
4
Let s(z) = -9*z - 104. Let g(f) = 11*f + 119. Let k(n) = 6*g(n) + 7*s(n). Determine k(6).
4
Let p(k) = -k**2 - 9*k + 3. Suppose 4*z = -119*z - 1230. Determine p(z).
-7
Let x(u) = 9*u**2 + 8*u - 13. Let w be x(-2). Let s(r) = -r**2 + 6*r - 4. Determine s(w).
-11
Let b(a) be the first derivative of -a**4/4 + 7*a**3/3 - 2*a**2 + 12*a - 3494. What is b(7)?
-16
Let b(f) = 162*f - 1 + 162*f - 332*f. Let h be (-3)/12*-3 + (-45)/(-20). Determine b(h).
-25
Let x(r) be the third derivative of -r**5/60 - r**4/12 + 4*r**3/3 - 7031*r**2. Give x(-4).
0
Let t be (12 - (-23)/(-2))*-14. Let q(m) = m**3 + 8*m**2 + 8*m - 21. Give q(t).
-28
Let x(r) be the first derivative of -r**6/360 - 7*r**5/120 + 3*r**4/4 - 137*r**3/3 + 201. Let d(t) be the third derivative of x(t). Determine d(-8).
10
Let c be ((-41)/(5084/(-930)))/(3/(-4)). Let f(w) be the third derivative of w**4/12 + 13*w**3/6 + 2*w**2. Give f(c).
-7
Suppose 2*u + 62 = 72. Suppose -2*j + u*j - 6 = 0. Suppose 3*x = 2*x + 2, 0 = c - j*x + 9. Let w(o) = o**3 + 4*o**2 - 7*o - 4. Give w(c).
6
Suppose 12*c - 30 = -3*c. Let o(q) = -q**3 + c*q**2 + 12 - 22 + 0*q**2 + 5*q + 0*q**2. Let g be o(3). Let w(l) = l**3 + 4*l**2 - 6*l - 5. Determine w(g).
19
Let m = -2 - -4. Let w(a) = -33 + 5*a**3 - 6*a + 29 - 4*a**3 + m*a**2. What is w(-4)?
-12
Let z(o) = -4*o - 18. Let j be z(-7). Let p(q) = -13*q - 7 - 21 + 17*q + j - 13. Determine p(9).
5
Let i be 8/((-384)/264)*2. Let x(m) = -3*m**2 - 35*m - 36. What is x(i)?
-14
Let p(b) = 5*b + 9. Let u be p(-41). Let t = 188 + u. Let n(f) = -f**3 - 7*f**2 + 7*f - 7. Give n(t).
1
Let x(d) = 2*d - 4. Let u be x(6). Let b(w) = 3*w**2 + 7*w + 2026. Let z(k) = 2*k**2 + 7*k + 1519. Let q(n) = -3*b(n) + 4*z(n). Give q(u).
-10
Let t(w) = -4*w**2 - w**3 - 184676*w + 184676*w + 2. Determine t(-5).
27
Let j be 2/(-10) + ((-120)/(-50))/12. Let n(o) = -o + 8 + 0*o + o**3 + 6 - 21. What is n(j)?
-7
Suppose 0 = -5*c - 2*v - 14, 4*c + 27 + 1 = 4*v. Let f(i) = 4*i + 14. Let h(z) = 4*z + 11. Let k(g) = c*h(g) + 3*f(g). Give k(-1).
2
Let a = 119 + -132. Let o be (-5 - (a - 0/(-5))) + 0. Let v(r) = -r**3 + 8*r**2 + 2*r - 15. Give v(o).
1
Let x(n) = -n - 6. Let c = -169 - -273. Let w = -441 - -447. Suppose c*z = 105*z + w. Give x(z).
0
Let q = 80 - 29. Suppose -2*y = -4*k + 68, 0 = 2*k - 5*k - 2*y + q. Let w(a) = -6*a - 50. Let n(b) = -2*b - 17. Let r(o) = k*n(o) - 6*w(o). What is r(-8)?
-5
Let u be (23 - 0) + 0/(-3). Let z(s) = 1 - 5 - 7*s + 4*s**2 - s**3 + u*s - 10*s. Let d = -221 - -226. Calculate z(d).
1
Let b = -9669 + 9668. Let o(x) = -56*x**3 + x**2 + 4*x + 4. Give o(b).
57
Let d(j) = j**2 - 15*j - 104. Let u(h) = -h**2 + 89*h - 238. Let b be u(86). What is d(b)?
-4
Let n(a) = 68 + 18*a + 245 + 605 - 36*a - 9*a. What is n(34)?
0
Suppose p + 8 = -2*i, p + i + 9 = 3*p. Suppose -5*u + 3 = t, 4*u = -0*t - p*t + 24. Let l(x) = 3 - 6*x - t*x - x**2 + 28*x. Calculate l(3).
6
Let i(m) be the second derivative of -m**3/6 - 11*m**2/2 + 2*m - 265. Calculate i(-13).
2
Suppose 6 = -3*h, 0 = n + 2*h + 3*h + 13. Let t(f) = -11*f + 77. Let m be t(5). Let u(s) = 25 - 4*s**2 - s**3 - 5 - m - 5*s. Determine u(n).
4
Suppose 42*n + 5*n + 9*n - 112 = 0. Let t be (-2)/6*(-10 + -5). Let w(g) = 6*g**2 + 2 - g - t*g**2 + g. Give w(n).
6
Let k(u) = -u**2 + 52*u - 168. Let t be k(3). Let x(r) = r**2 + 24*r + 40. Determine x(t).
-23
Let s(f) be the first derivative of f**4/12 + f**3/6 - f**2 + 1. Let r(k) be the second derivative of s(k). Let v be (3 + -9)*1 - 0/(42/(-6)). What is r(v)?
-11
Let m(w) = w + 3. Let z(c) = -4 + 3*c - 24 + 0. Let d(n) = -n**3 - 67*n**2 - 309*n + 70. Let a be d(-62). Let s be z(a). What is m(s)?
-1
Let b(j) = 14*j + 181. Let l(t) = -329*t + 2290. Le